{"id":3,"date":"2025-05-21T15:42:39","date_gmt":"2025-05-21T13:42:39","guid":{"rendered":"http:\/\/dev.alpcm.fr\/?page_id=3"},"modified":"2025-09-25T10:59:30","modified_gmt":"2025-09-25T08:59:30","slug":"politique-de-confidentialite","status":"publish","type":"page","link":"https:\/\/www.alpcm.fr\/?page_id=3","title":{"rendered":"Politique de confidentialit\u00e9"},"content":{"rendered":"\n<div class=\"wp-block-cover\" style=\"border-bottom-color:var(--wp--preset--color--theme-palette-1);border-bottom-style:solid;border-bottom-width:20px;margin-top:0;margin-bottom:0;padding-top:0;padding-right:0;padding-bottom:0;padding-left:0;min-height:300px;aspect-ratio:unset;\"><img loading=\"lazy\" decoding=\"async\" width=\"1920\" height=\"1280\" class=\"wp-block-cover__image-background wp-image-2801 size-full\" alt=\"\" src=\"http:\/\/www.alpcm.fr\/wp-content\/uploads\/2025\/10\/En-tete-pages.png\" style=\"object-position:50% 46%\" data-object-fit=\"cover\" data-object-position=\"50% 46%\"\/><span aria-hidden=\"true\" class=\"wp-block-cover__background has-theme-palette-8-background-color has-background-dim-20 has-background-dim\"><\/span><div class=\"wp-block-cover__inner-container is-layout-constrained wp-container-core-cover-is-layout-2a2e5e68 wp-block-cover-is-layout-constrained\">\n<p class=\"has-text-align-center has-large-font-size\"><\/p>\n<\/div><\/div>\n\n\n\n<div style=\"height:100px\" aria-hidden=\"true\" class=\"wp-block-spacer\"><\/div>\n\n\n\n<div class=\"wp-block-columns is-not-stacked-on-mobile is-layout-flex wp-container-core-columns-is-layout-9d6595d7 wp-block-columns-is-layout-flex\">\n<div class=\"wp-block-column is-layout-flow wp-block-column-is-layout-flow\" style=\"flex-basis:10%\"><\/div>\n\n\n\n<div class=\"wp-block-column is-layout-flow wp-block-column-is-layout-flow\" style=\"flex-basis:80%\">\n<h1 class=\"wp-block-heading\">Politique de confidentialit\u00e9<\/h1>\n\n\n\n<p>Derni\u00e8re mise \u00e0 jour : 25 mai 2025<\/p>\n\n\n\n<h2 class=\"wp-block-heading\">1. INTRODUCTION<\/h2>\n\n\n\n<p>ALPCM (\u00ab nous \u00bb, \u00ab notre \u00bb, \u00ab nos \u00bb) s&rsquo;engage \u00e0 prot\u00e9ger votre vie priv\u00e9e. Cette politique de confidentialit\u00e9 explique comment nous collectons, utilisons et prot\u00e9geons vos informations personnelles lorsque vous utilisez notre site web https:\/\/alpcm.fr (le \u00ab Service \u00bb).<\/p>\n\n\n\n<p>Nous vous invitons \u00e0 lire attentivement cette politique de confidentialit\u00e9 avant d&rsquo;utiliser notre Service. En utilisant le Service, vous acceptez les pratiques d\u00e9crites dans cette politique.<\/p>\n\n\n\n<h2 class=\"wp-block-heading\">2. COLLECTE DES INFORMATIONS<\/h2>\n\n\n\n<p>Nous ne collectons que les informations minimales n\u00e9cessaires pour vous fournir notre Service. Cela peut inclure des donn\u00e9es techniques comme votre adresse IP et des informations relatives \u00e0 votre appareil.<\/p>\n\n\n\n<h2 class=\"wp-block-heading\">3. COOKIES ET TECHNOLOGIES SIMILAIRES<\/h2>\n\n\n\n<p>Nous utilisons des cookies et des technologies de suivi similaires pour suivre l&rsquo;activit\u00e9 sur notre Service et conserver certaines informations.<\/p>\n\n\n\n<p>Les cookies sont des fichiers contenant une petite quantit\u00e9 de donn\u00e9es qui peuvent inclure un identifiant unique anonyme. Vous pouvez configurer votre navigateur pour refuser tous les cookies ou pour indiquer quand un cookie est envoy\u00e9. Toutefois, si vous n&rsquo;acceptez pas les cookies, il est possible que vous ne puissiez pas utiliser certaines parties de notre Service.<\/p>\n\n\n\n<p>Nous utilisons les types de cookies suivants :<\/p>\n\n\n\n<ul class=\"wp-block-list\">\n<li>Cookies essentiels : n\u00e9cessaires au fonctionnement du site<\/li>\n\n\n\n<li>Cookies de pr\u00e9f\u00e9rences : permettent de m\u00e9moriser vos pr\u00e9f\u00e9rences<\/li>\n<\/ul>\n\n\n\n<p>Consultez notre <a href=\"http:\/\/dev.alpcm.fr\/index.php\/politique-de-cookies-ue\/\">Politique des cookies<\/a><\/p>\n\n\n\n<h2 class=\"wp-block-heading\">4. UTILISATION DES DONN\u00c9ES<\/h2>\n\n\n\n<p>ALPCM utilise les donn\u00e9es collect\u00e9es aux fins suivantes :<\/p>\n\n\n\n<ul class=\"wp-block-list\">\n<li>Fournir et maintenir notre Service<\/li>\n\n\n\n<li>Vous informer des changements apport\u00e9s \u00e0 notre Service<\/li>\n<\/ul>\n\n\n\n<h2 class=\"wp-block-heading\">5. PARTAGE DES DONN\u00c9ES<\/h2>\n\n\n\n<p>Nous pouvons partager vos informations avec des tiers dans les circonstances suivantes :<\/p>\n\n\n\n<ul class=\"wp-block-list\">\n<li>Avec des prestataires de services que nous utilisons pour soutenir notre activit\u00e9<\/li>\n\n\n\n<li>Si la loi nous y oblige ou pour r\u00e9pondre \u00e0 des proc\u00e9dures l\u00e9gales<\/li>\n\n\n\n<li>Pour prot\u00e9ger nos droits, notre propri\u00e9t\u00e9, notre s\u00e9curit\u00e9, nos utilisateurs ou d&rsquo;autres parties<\/li>\n<\/ul>\n\n\n\n<p>Nous ne vendons pas vos donn\u00e9es personnelles \u00e0 des tiers.<\/p>\n\n\n\n<h2 class=\"wp-block-heading\">6. CONSERVATION DES DONN\u00c9ES<\/h2>\n\n\n\n<p>ALPCM conservera vos donn\u00e9es personnelles uniquement pendant la dur\u00e9e n\u00e9cessaire aux fins \u00e9nonc\u00e9es dans cette politique de confidentialit\u00e9. Nous conserverons et utiliserons vos donn\u00e9es dans la mesure n\u00e9cessaire pour respecter nos obligations l\u00e9gales, r\u00e9soudre des diff\u00e9rends et appliquer nos politiques.<\/p>\n\n\n\n<h2 class=\"wp-block-heading\">7. VOS DROITS<\/h2>\n\n\n\n<p>En vertu du R\u00e8glement G\u00e9n\u00e9ral sur la Protection des Donn\u00e9es (RGPD) et d&rsquo;autres lois applicables sur la protection des donn\u00e9es, vous disposez des droits suivants :<\/p>\n\n\n\n<ul class=\"wp-block-list\">\n<li>Droit d&rsquo;acc\u00e8s \u00e0 vos donn\u00e9es personnelles<\/li>\n\n\n\n<li>Droit de rectification des donn\u00e9es inexactes<\/li>\n\n\n\n<li>Droit \u00e0 l&rsquo;effacement de vos donn\u00e9es (\u00ab droit \u00e0 l&rsquo;oubli \u00bb)<\/li>\n\n\n\n<li>Droit \u00e0 la limitation du traitement<\/li>\n\n\n\n<li>Droit \u00e0 la portabilit\u00e9 des donn\u00e9es<\/li>\n\n\n\n<li>Droit d&rsquo;opposition au traitement<\/li>\n\n\n\n<li>Droit de ne pas faire l&rsquo;objet d&rsquo;une d\u00e9cision automatis\u00e9e<\/li>\n<\/ul>\n\n\n\n<p>Pour exercer ces droits, veuillez nous contacter \u00e0 communication@alpcm.fr.<\/p>\n\n\n\n<h2 class=\"wp-block-heading\">8. S\u00c9CURIT\u00c9<\/h2>\n\n\n\n<p>La s\u00e9curit\u00e9 de vos donn\u00e9es est importante pour nous. Nous mettons en \u0153uvre des mesures techniques et organisationnelles appropri\u00e9es pour prot\u00e9ger vos informations personnelles contre la perte, l&rsquo;acc\u00e8s non autoris\u00e9, la divulgation, l&rsquo;alt\u00e9ration et la destruction.<\/p>\n\n\n\n<p>Cependant, aucune m\u00e9thode de transmission sur Internet ou m\u00e9thode de stockage \u00e9lectronique n&rsquo;est totalement s\u00e9curis\u00e9e. Par cons\u00e9quent, bien que nous nous efforcions d&rsquo;utiliser des moyens commercialement acceptables pour prot\u00e9ger vos donn\u00e9es personnelles, nous ne pouvons garantir leur s\u00e9curit\u00e9 absolue.<\/p>\n\n\n\n<h2 class=\"wp-block-heading\">9. MODIFICATIONS DE CETTE POLITIQUE<\/h2>\n\n\n\n<p>Nous pouvons mettre \u00e0 jour notre politique de confidentialit\u00e9 de temps \u00e0 autre. Nous vous informerons de tout changement en publiant la nouvelle politique de confidentialit\u00e9 sur cette page et, si les changements sont significatifs, nous vous en informerons par e-mail ou par une notification visible sur notre Service.<\/p>\n\n\n\n<p>Nous vous conseillons de consulter r\u00e9guli\u00e8rement cette politique de confidentialit\u00e9 pour prendre connaissance des \u00e9ventuelles modifications.<\/p>\n\n\n\n<h2 class=\"wp-block-heading\">10. CONTACT<\/h2>\n\n\n\n<p>Si vous avez des questions concernant cette politique de confidentialit\u00e9, veuillez nous contacter :<\/p>\n\n\n\n<ul class=\"wp-block-list\">\n<li><strong>Par email :<\/strong> communication@alpcm.fr<\/li>\n\n\n\n<li><strong>Par courrier :<\/strong> ALPCM, 20 Rue du Coudray 44000 NANTES.<\/li>\n<\/ul>\n\n\n\n<div style=\"height:100px\" aria-hidden=\"true\" class=\"wp-block-spacer\"><\/div>\n<\/div>\n\n\n\n<div class=\"wp-block-column is-layout-flow wp-block-column-is-layout-flow\" style=\"flex-basis:10%\"><\/div>\n<\/div>\n\n\n\n<div class=\"wp-block-cover has-parallax wp-duotone-unset-1\" style=\"margin-top:0;margin-bottom:0;min-height:406px;aspect-ratio:unset;\"><div class=\"wp-block-cover__image-background wp-image-461 size-full has-parallax\" style=\"background-position:50% 50%;background-image:url(http:\/\/dev.alpcm.fr\/wp-content\/uploads\/2025\/06\/Logo_ALPCM_HD_complet-b-travers.png)\"><\/div><span aria-hidden=\"true\" class=\"wp-block-cover__background has-theme-palette-9-background-color has-background-dim-90 has-background-dim\"><\/span><div class=\"wp-block-cover__inner-container is-layout-constrained wp-block-cover-is-layout-constrained\">\n<div style=\"height:80px\" aria-hidden=\"true\" class=\"wp-block-spacer\"><\/div>\n\n\n\n<h1 class=\"wp-block-heading has-text-align-center has-theme-palette-4-color has-text-color has-link-color wp-elements-7d955d5bed5feb933698689767969fd0\" id=\"g94c9d6a061e2\" style=\"margin-top:var(--wp--preset--spacing--40);margin-bottom:var(--wp--preset--spacing--40)\"><em>Suivez-nous sur les r\u00e9seaux<\/em><\/h1>\n\n\n\n<div class=\"wp-block-getwid-social-links has-large-spacing\" style=\"font-size:26px\"><ul class=\"wp-block-getwid-social-links__list getwid-justify-content-center\"><li class=\"wp-block-getwid-social-links__item\"><a class=\"wp-block-getwid-social-links__link\" href=\"https:\/\/www.facebook.com\/ALPCMLeBasketEnJauneEtNoir\/\" target=\"_blank\" rel=\"noreferrer noopener\"><span class=\"wp-block-getwid-social-links__wrapper has-text-color has-theme-palette-4-color\"><i class=\"fab fa-facebook-f\"><\/i><\/span><\/a><\/li><li class=\"wp-block-getwid-social-links__item\"><a class=\"wp-block-getwid-social-links__link\" href=\"https:\/\/www.instagram.com\/alpcm_nantes\/\" target=\"_blank\" rel=\"noreferrer noopener\"><span class=\"wp-block-getwid-social-links__wrapper has-text-color has-theme-palette-4-color\"><i class=\"fab fa-instagram\"><\/i><\/span><\/a><\/li><li class=\"wp-block-getwid-social-links__item\"><a class=\"wp-block-getwid-social-links__link\" href=\"https:\/\/www.youtube.com\/@alpcm.nantes\" target=\"_blank\" rel=\"noreferrer noopener\"><span class=\"wp-block-getwid-social-links__wrapper has-text-color has-theme-palette-4-color\"><i class=\"fab fa-youtube\"><\/i><\/span><\/a><\/li><li class=\"wp-block-getwid-social-links__item\"><a class=\"wp-block-getwid-social-links__link\" href=\"https:\/\/www.linkedin.com\/company\/alpcm-nantes-basket\" target=\"_blank\" rel=\"noreferrer noopener\"><span class=\"wp-block-getwid-social-links__wrapper has-text-color has-theme-palette-4-color\"><i class=\"fab fa-linkedin-in\"><\/i><\/span><\/a><\/li><li class=\"wp-block-getwid-social-links__item\"><a class=\"wp-block-getwid-social-links__link\" href=\"https:\/\/competitions.ffbb.com\/ligues\/pdl\/comites\/0044\/clubs\/pdl0044015\" target=\"_blank\" rel=\"noreferrer noopener\"><span class=\"wp-block-getwid-social-links__wrapper has-text-color has-theme-palette-4-color\"><i class=\"fab fa-dribbble\"><\/i><\/span><\/a><\/li><\/ul><\/div>\n\n\n\n<div class=\"wp-block-columns is-layout-flex wp-container-core-columns-is-layout-9d6595d7 wp-block-columns-is-layout-flex\">\n<div class=\"wp-block-column is-layout-flow wp-block-column-is-layout-flow\"><\/div>\n\n\n\n<div class=\"wp-block-column has-theme-palette-8-background-color has-background is-layout-flow wp-block-column-is-layout-flow\" style=\"border-radius:35px;padding-top:var(--wp--preset--spacing--30);padding-right:var(--wp--preset--spacing--20);padding-bottom:var(--wp--preset--spacing--30);padding-left:var(--wp--preset--spacing--20);flex-basis:70%\">\n\n\n<div class=\"wp-block-getwid-icon-box getwid-animation has-icon-right has-text-left\" data-animation=\"bounce\"><div style=\"margin-top:5px;margin-bottom:10px;margin-left:10px;margin-right:50px\" class=\"wp-block-getwid-icon-box__icon-container is-position-middle\"><a href=\"https:\/\/www.instagram.com\/alpcm_nantes\/\" target=\"_blank\" rel=\"noreferrer noopener\" class=\"wp-block-getwid-icon-box__icon-wrapper has-text-color has-theme-palette-1-color\" style=\"font-size:36px;padding:2px\"><i class=\"fab fa-instagram\"><\/i><\/a><\/div><div class=\"wp-block-getwid-icon-box__content\">\n<h5 class=\"wp-block-heading has-text-align-right has-theme-palette-1-color has-text-color has-link-color wp-elements-f48b37c6b1a33e98ba0dfa0e6ce3f5c8\"><em>Retrouvez notre insta<\/em><\/h5>\n<\/div><\/div>\n<\/div>\n\n\n\n<div class=\"wp-block-column is-layout-flow wp-block-column-is-layout-flow\"><\/div>\n<\/div>\n\n\n\n<div style=\"height:45px\" aria-hidden=\"true\" class=\"wp-block-spacer\"><\/div>\n\n\n\n<div class=\"wp-block-columns is-layout-flex wp-container-core-columns-is-layout-9d6595d7 wp-block-columns-is-layout-flex\">\n<div class=\"wp-block-column is-layout-flow wp-block-column-is-layout-flow\"><\/div>\n\n\n\n<div class=\"wp-block-column is-layout-flow wp-block-column-is-layout-flow\" style=\"flex-basis:60%\">\n<div class=\"wp-block-group has-theme-palette-8-background-color has-background is-horizontal is-content-justification-center is-nowrap is-layout-flex wp-container-core-group-is-layout-c1dfda1e wp-block-group-is-layout-flex\" style=\"border-radius:35px\">\n<figure class=\"wp-block-image size-full wp-container-content-d495dc90 wp-duotone-grayscale\"><a href=\"https:\/\/metropole.nantes.fr\/\" target=\"_blank\" rel=\" noreferrer noopener\"><img loading=\"lazy\" decoding=\"async\" width=\"372\" height=\"136\" src=\"http:\/\/dev.alpcm.fr\/wp-content\/uploads\/2025\/06\/Logo_Ville-de-Nantes.png\" alt=\"Logo_Ville de Nantes\" class=\"wp-image-269\" style=\"object-fit:cover\"\/><\/a><\/figure>\n\n\n\n<figure class=\"wp-block-image size-full wp-container-content-d495dc90 wp-duotone-grayscale\"><img loading=\"lazy\" decoding=\"async\" width=\"520\" height=\"270\" src=\"http:\/\/www.alpcm.fr\/wp-content\/uploads\/2025\/09\/Logo_Loire-atlantique.png\" alt=\"\" class=\"wp-image-2667\" style=\"object-fit:cover\"\/><\/figure>\n\n\n\n<figure class=\"wp-block-image size-full wp-container-content-d495dc90 wp-duotone-grayscale\"><a href=\"https:\/\/www.ffbb.com\/\" target=\"_blank\" rel=\" noreferrer noopener\"><img loading=\"lazy\" decoding=\"async\" width=\"1260\" height=\"1575\" src=\"http:\/\/dev.alpcm.fr\/wp-content\/uploads\/2025\/06\/Logo_FFBB.png\" alt=\"Logo_FFBB\" class=\"wp-image-271\" style=\"object-fit:cover\"\/><\/a><\/figure>\n\n\n\n<figure class=\"wp-block-image size-full wp-container-content-d495dc90 wp-duotone-grayscale\"><a href=\"https:\/\/loireatlantiquebasketball.org\/\" target=\"_blank\" rel=\" noreferrer noopener\"><img loading=\"lazy\" decoding=\"async\" width=\"628\" height=\"732\" src=\"http:\/\/dev.alpcm.fr\/wp-content\/uploads\/2025\/06\/Logo_Basket_44.png\" alt=\"Logo_Basket_44\" class=\"wp-image-270\" style=\"object-fit:cover\"\/><\/a><\/figure>\n\n\n\n<figure class=\"wp-block-image size-full wp-container-content-d495dc90 wp-duotone-grayscale\"><a href=\"https:\/\/pdlbasket.fr\/\" target=\"_blank\" rel=\" noreferrer noopener\"><img loading=\"lazy\" decoding=\"async\" width=\"984\" height=\"984\" src=\"http:\/\/dev.alpcm.fr\/wp-content\/uploads\/2025\/06\/Logo_Pays-de-la-Loire_basket.png\" alt=\"Logo_Pays de la Loire\" class=\"wp-image-273\" style=\"object-fit:cover\"\/><\/a><\/figure>\n<\/div>\n<\/div>\n\n\n\n<div class=\"wp-block-column is-layout-flow wp-block-column-is-layout-flow\"><\/div>\n<\/div>\n<\/div><\/div>\n","protected":false},"excerpt":{"rendered":"<p>Politique de confidentialit\u00e9 Derni\u00e8re mise \u00e0 jour : 25 mai 2025 1. INTRODUCTION ALPCM (\u00ab nous \u00bb, \u00ab notre \u00bb, \u00ab nos \u00bb) s&rsquo;engage \u00e0 prot\u00e9ger votre vie priv\u00e9e. Cette politique de confidentialit\u00e9 explique comment nous collectons, utilisons et prot\u00e9geons vos informations personnelles lorsque vous utilisez notre site web https:\/\/alpcm.fr (le \u00ab Service \u00bb). Nous&#8230;<\/p>\n","protected":false},"author":1,"featured_media":0,"parent":69,"menu_order":2,"comment_status":"closed","ping_status":"closed","template":"","meta":{"_kad_post_transparent":"","_kad_post_title":"","_kad_post_layout":"","_kad_post_sidebar_id":"","_kad_post_content_style":"","_kad_post_vertical_padding":"","_kad_post_feature":"","_kad_post_feature_position":"","_kad_post_header":false,"_kad_post_footer":false,"_kad_post_classname":"","footnotes":""},"class_list":["post-3","page","type-page","status-publish","hentry"],"yoast_head":"<!-- This site is optimized with the Yoast SEO plugin v27.3 - https:\/\/yoast.com\/product\/yoast-seo-wordpress\/ -->\n<title>Politique de confidentialit\u00e9 &#8211; ALPCM<\/title>\n<meta name=\"description\" content=\"ALPCM s&#039;engage \u00e0 prot\u00e9ger votre vie priv\u00e9e. Cette politique de confidentialit\u00e9 explique comment nous collectons, utilisons et prot\u00e9geons vos informations personnelles lorsque vous utilisez notre site web https:\/\/alpcm.fr\" \/>\n<meta name=\"robots\" content=\"index, follow, max-snippet:-1, max-image-preview:large, max-video-preview:-1\" \/>\n<link rel=\"canonical\" href=\"https:\/\/www.alpcm.fr\/?page_id=3\" \/>\n<meta property=\"og:locale\" content=\"fr_FR\" \/>\n<meta property=\"og:type\" content=\"article\" \/>\n<meta property=\"og:title\" content=\"Politique de confidentialit\u00e9 &#8211; ALPCM\" \/>\n<meta property=\"og:description\" content=\"ALPCM s&#039;engage \u00e0 prot\u00e9ger votre vie priv\u00e9e. Cette politique de confidentialit\u00e9 explique comment nous collectons, utilisons et prot\u00e9geons vos informations personnelles lorsque vous utilisez notre site web https:\/\/alpcm.fr\" \/>\n<meta property=\"og:url\" content=\"https:\/\/www.alpcm.fr\/?page_id=3\" \/>\n<meta property=\"og:site_name\" content=\"ALPCM\" \/>\n<meta property=\"article:publisher\" content=\"https:\/\/www.facebook.com\/ALPCMLeBasketEnJauneEtNoir\/\" \/>\n<meta property=\"article:modified_time\" content=\"2025-09-25T08:59:30+00:00\" \/>\n<meta property=\"og:image\" content=\"https:\/\/www.alpcm.fr\/wp-content\/uploads\/2025\/05\/Icone_ALPCM.png\" \/>\n\t<meta property=\"og:image:width\" content=\"512\" \/>\n\t<meta property=\"og:image:height\" content=\"512\" \/>\n\t<meta property=\"og:image:type\" content=\"image\/png\" \/>\n<meta name=\"twitter:card\" content=\"summary_large_image\" \/>\n<meta name=\"twitter:label1\" content=\"Dur\u00e9e de lecture estim\u00e9e\" \/>\n\t<meta name=\"twitter:data1\" content=\"5 minutes\" \/>\n<script type=\"application\/ld+json\" class=\"yoast-schema-graph\">{\"@context\":\"https:\\\/\\\/schema.org\",\"@graph\":[{\"@type\":\"WebPage\",\"@id\":\"https:\\\/\\\/www.alpcm.fr\\\/?page_id=3\",\"url\":\"https:\\\/\\\/www.alpcm.fr\\\/?page_id=3\",\"name\":\"Politique de confidentialit\u00e9 &#8211; ALPCM\",\"isPartOf\":{\"@id\":\"https:\\\/\\\/www.alpcm.fr\\\/#website\"},\"datePublished\":\"2025-05-21T13:42:39+00:00\",\"dateModified\":\"2025-09-25T08:59:30+00:00\",\"description\":\"ALPCM s'engage \u00e0 prot\u00e9ger votre vie priv\u00e9e. Cette politique de confidentialit\u00e9 explique comment nous collectons, utilisons et prot\u00e9geons vos informations personnelles lorsque vous utilisez notre site web https:\\\/\\\/alpcm.fr\",\"breadcrumb\":{\"@id\":\"https:\\\/\\\/www.alpcm.fr\\\/?page_id=3#breadcrumb\"},\"inLanguage\":\"fr-FR\",\"potentialAction\":[{\"@type\":\"ReadAction\",\"target\":[\"https:\\\/\\\/www.alpcm.fr\\\/?page_id=3\"]}]},{\"@type\":\"BreadcrumbList\",\"@id\":\"https:\\\/\\\/www.alpcm.fr\\\/?page_id=3#breadcrumb\",\"itemListElement\":[{\"@type\":\"ListItem\",\"position\":1,\"name\":\"Accueil\",\"item\":\"https:\\\/\\\/www.alpcm.fr\\\/\"},{\"@type\":\"ListItem\",\"position\":2,\"name\":\"Pages l\u00e9gales\",\"item\":\"https:\\\/\\\/www.alpcm.fr\\\/?page_id=69\"},{\"@type\":\"ListItem\",\"position\":3,\"name\":\"Politique de confidentialit\u00e9\"}]},{\"@type\":\"WebSite\",\"@id\":\"https:\\\/\\\/www.alpcm.fr\\\/#website\",\"url\":\"https:\\\/\\\/www.alpcm.fr\\\/\",\"name\":\"ALPCM\",\"description\":\"Le basket en jaune &amp; noir\",\"publisher\":{\"@id\":\"https:\\\/\\\/www.alpcm.fr\\\/#organization\"},\"alternateName\":\"Club de basket de l'ALPCM\",\"potentialAction\":[{\"@type\":\"SearchAction\",\"target\":{\"@type\":\"EntryPoint\",\"urlTemplate\":\"https:\\\/\\\/www.alpcm.fr\\\/?s={search_term_string}\"},\"query-input\":{\"@type\":\"PropertyValueSpecification\",\"valueRequired\":true,\"valueName\":\"search_term_string\"}}],\"inLanguage\":\"fr-FR\"},{\"@type\":\"Organization\",\"@id\":\"https:\\\/\\\/www.alpcm.fr\\\/#organization\",\"name\":\"Club de basket de l'ALPCM\",\"alternateName\":\"ALPCM Nantes basket\",\"url\":\"https:\\\/\\\/www.alpcm.fr\\\/\",\"logo\":{\"@type\":\"ImageObject\",\"inLanguage\":\"fr-FR\",\"@id\":\"https:\\\/\\\/www.alpcm.fr\\\/#\\\/schema\\\/logo\\\/image\\\/\",\"url\":\"https:\\\/\\\/www.alpcm.fr\\\/wp-content\\\/uploads\\\/2025\\\/05\\\/Icone_ALPCM.png\",\"contentUrl\":\"https:\\\/\\\/www.alpcm.fr\\\/wp-content\\\/uploads\\\/2025\\\/05\\\/Icone_ALPCM.png\",\"width\":512,\"height\":512,\"caption\":\"Club de basket de l'ALPCM\"},\"image\":{\"@id\":\"https:\\\/\\\/www.alpcm.fr\\\/#\\\/schema\\\/logo\\\/image\\\/\"},\"sameAs\":[\"https:\\\/\\\/www.facebook.com\\\/ALPCMLeBasketEnJauneEtNoir\\\/\",\"https:\\\/\\\/www.instagram.com\\\/alpcm_nantes\\\/\",\"https:\\\/\\\/www.linkedin.com\\\/company\\\/alpcm-nantes-basket\"]}]}<\/script>\n<!-- \/ Yoast SEO plugin. -->","yoast_head_json":{"title":"Politique de confidentialit\u00e9 &#8211; ALPCM","description":"ALPCM s'engage \u00e0 prot\u00e9ger votre vie priv\u00e9e. Cette politique de confidentialit\u00e9 explique comment nous collectons, utilisons et prot\u00e9geons vos informations personnelles lorsque vous utilisez notre site web https:\/\/alpcm.fr","robots":{"index":"index","follow":"follow","max-snippet":"max-snippet:-1","max-image-preview":"max-image-preview:large","max-video-preview":"max-video-preview:-1"},"canonical":"https:\/\/www.alpcm.fr\/?page_id=3","og_locale":"fr_FR","og_type":"article","og_title":"Politique de confidentialit\u00e9 &#8211; ALPCM","og_description":"ALPCM s'engage \u00e0 prot\u00e9ger votre vie priv\u00e9e. Cette politique de confidentialit\u00e9 explique comment nous collectons, utilisons et prot\u00e9geons vos informations personnelles lorsque vous utilisez notre site web https:\/\/alpcm.fr","og_url":"https:\/\/www.alpcm.fr\/?page_id=3","og_site_name":"ALPCM","article_publisher":"https:\/\/www.facebook.com\/ALPCMLeBasketEnJauneEtNoir\/","article_modified_time":"2025-09-25T08:59:30+00:00","og_image":[{"width":512,"height":512,"url":"https:\/\/www.alpcm.fr\/wp-content\/uploads\/2025\/05\/Icone_ALPCM.png","type":"image\/png"}],"twitter_card":"summary_large_image","twitter_misc":{"Dur\u00e9e de lecture estim\u00e9e":"5 minutes"},"schema":{"@context":"https:\/\/schema.org","@graph":[{"@type":"WebPage","@id":"https:\/\/www.alpcm.fr\/?page_id=3","url":"https:\/\/www.alpcm.fr\/?page_id=3","name":"Politique de confidentialit\u00e9 &#8211; ALPCM","isPartOf":{"@id":"https:\/\/www.alpcm.fr\/#website"},"datePublished":"2025-05-21T13:42:39+00:00","dateModified":"2025-09-25T08:59:30+00:00","description":"ALPCM s'engage \u00e0 prot\u00e9ger votre vie priv\u00e9e. Cette politique de confidentialit\u00e9 explique comment nous collectons, utilisons et prot\u00e9geons vos informations personnelles lorsque vous utilisez notre site web https:\/\/alpcm.fr","breadcrumb":{"@id":"https:\/\/www.alpcm.fr\/?page_id=3#breadcrumb"},"inLanguage":"fr-FR","potentialAction":[{"@type":"ReadAction","target":["https:\/\/www.alpcm.fr\/?page_id=3"]}]},{"@type":"BreadcrumbList","@id":"https:\/\/www.alpcm.fr\/?page_id=3#breadcrumb","itemListElement":[{"@type":"ListItem","position":1,"name":"Accueil","item":"https:\/\/www.alpcm.fr\/"},{"@type":"ListItem","position":2,"name":"Pages l\u00e9gales","item":"https:\/\/www.alpcm.fr\/?page_id=69"},{"@type":"ListItem","position":3,"name":"Politique de confidentialit\u00e9"}]},{"@type":"WebSite","@id":"https:\/\/www.alpcm.fr\/#website","url":"https:\/\/www.alpcm.fr\/","name":"ALPCM","description":"Le basket en jaune &amp; noir","publisher":{"@id":"https:\/\/www.alpcm.fr\/#organization"},"alternateName":"Club de basket de l'ALPCM","potentialAction":[{"@type":"SearchAction","target":{"@type":"EntryPoint","urlTemplate":"https:\/\/www.alpcm.fr\/?s={search_term_string}"},"query-input":{"@type":"PropertyValueSpecification","valueRequired":true,"valueName":"search_term_string"}}],"inLanguage":"fr-FR"},{"@type":"Organization","@id":"https:\/\/www.alpcm.fr\/#organization","name":"Club de basket de l'ALPCM","alternateName":"ALPCM Nantes basket","url":"https:\/\/www.alpcm.fr\/","logo":{"@type":"ImageObject","inLanguage":"fr-FR","@id":"https:\/\/www.alpcm.fr\/#\/schema\/logo\/image\/","url":"https:\/\/www.alpcm.fr\/wp-content\/uploads\/2025\/05\/Icone_ALPCM.png","contentUrl":"https:\/\/www.alpcm.fr\/wp-content\/uploads\/2025\/05\/Icone_ALPCM.png","width":512,"height":512,"caption":"Club de basket de l'ALPCM"},"image":{"@id":"https:\/\/www.alpcm.fr\/#\/schema\/logo\/image\/"},"sameAs":["https:\/\/www.facebook.com\/ALPCMLeBasketEnJauneEtNoir\/","https:\/\/www.instagram.com\/alpcm_nantes\/","https:\/\/www.linkedin.com\/company\/alpcm-nantes-basket"]}]}},"_links":{"self":[{"href":"https:\/\/www.alpcm.fr\/index.php?rest_route=\/wp\/v2\/pages\/3","targetHints":{"allow":["GET"]}}],"collection":[{"href":"https:\/\/www.alpcm.fr\/index.php?rest_route=\/wp\/v2\/pages"}],"about":[{"href":"https:\/\/www.alpcm.fr\/index.php?rest_route=\/wp\/v2\/types\/page"}],"author":[{"embeddable":true,"href":"https:\/\/www.alpcm.fr\/index.php?rest_route=\/wp\/v2\/users\/1"}],"replies":[{"embeddable":true,"href":"https:\/\/www.alpcm.fr\/index.php?rest_route=%2Fwp%2Fv2%2Fcomments&post=3"}],"version-history":[{"count":9,"href":"https:\/\/www.alpcm.fr\/index.php?rest_route=\/wp\/v2\/pages\/3\/revisions"}],"predecessor-version":[{"id":2660,"href":"https:\/\/www.alpcm.fr\/index.php?rest_route=\/wp\/v2\/pages\/3\/revisions\/2660"}],"up":[{"embeddable":true,"href":"https:\/\/www.alpcm.fr\/index.php?rest_route=\/wp\/v2\/pages\/69"}],"wp:attachment":[{"href":"https:\/\/www.alpcm.fr\/index.php?rest_route=%2Fwp%2Fv2%2Fmedia&parent=3"}],"curies":[{"name":"wp","href":"https:\/\/api.w.org\/{rel}","templated":true}]}}